[INFO] cloning repository https://github.com/EasyToFindName/ultimate-tic-tac-toe-game
[INFO] running `Command { std: "git" "-c" "credential.helper=" "-c" "credential.helper=/workspace/cargo-home/bin/git-credential-null" "clone" "--bare" "https://github.com/EasyToFindName/ultimate-tic-tac-toe-game" "/workspace/cache/git-repos/https%3A%2F%2Fgithub.com%2FEasyToFindName%2Fultimate-tic-tac-toe-game", kill_on_drop: false }`
[INFO] [stderr] Cloning into bare repository '/workspace/cache/git-repos/https%3A%2F%2Fgithub.com%2FEasyToFindName%2Fultimate-tic-tac-toe-game'...
[INFO] running `Command { std: "git" "rev-parse" "HEAD", kill_on_drop: false }`
[INFO] [stdout] 490f6110762a5cec18ffb3132c22534748d5d73d
[INFO] building EasyToFindName/ultimate-tic-tac-toe-game against master#ff34b919075f35a1787659e9c448a34b06bab8de for issue-85264
[INFO] running `Command { std: "git" "clone" "/workspace/cache/git-repos/https%3A%2F%2Fgithub.com%2FEasyToFindName%2Fultimate-tic-tac-toe-game" "/workspace/builds/worker-5/source", kill_on_drop: false }`
[INFO] [stderr] Cloning into '/workspace/builds/worker-5/source'...
[INFO] [stderr] done.
[INFO] validating manifest of git repo https://github.com/EasyToFindName/ultimate-tic-tac-toe-game on toolchain ff34b919075f35a1787659e9c448a34b06bab8de
[INFO] running `Command { std: "/workspace/cargo-home/bin/cargo" "+ff34b919075f35a1787659e9c448a34b06bab8de" "metadata" "--manifest-path" "Cargo.toml" "--no-deps", kill_on_drop: false }`
[INFO] started tweaking git repo https://github.com/EasyToFindName/ultimate-tic-tac-toe-game
[INFO] finished tweaking git repo https://github.com/EasyToFindName/ultimate-tic-tac-toe-game
[INFO] tweaked toml for git repo https://github.com/EasyToFindName/ultimate-tic-tac-toe-game written to /workspace/builds/worker-5/source/Cargo.toml
[INFO] crate git repo https://github.com/EasyToFindName/ultimate-tic-tac-toe-game already has a lockfile, it will not be regenerated
[INFO] running `Command { std: "/workspace/cargo-home/bin/cargo" "+ff34b919075f35a1787659e9c448a34b06bab8de" "fetch" "--manifest-path" "Cargo.toml", kill_on_drop: false }`
[INFO] running `Command { std: "docker" "create" "-v" "/var/lib/crater-agent-workspace/builds/worker-5/target:/opt/rustwide/target:rw,Z" "-v" "/var/lib/crater-agent-workspace/builds/worker-5/source:/opt/rustwide/workdir:ro,Z" "-v" "/var/lib/crater-agent-workspace/cargo-home:/opt/rustwide/cargo-home:ro,Z" "-v" "/var/lib/crater-agent-workspace/rustup-home:/opt/rustwide/rustup-home:ro,Z" "-e" "SOURCE_DIR=/opt/rustwide/workdir" "-e" "CARGO_TARGET_DIR=/opt/rustwide/target" "-e" "CARGO_HOME=/opt/rustwide/cargo-home" "-e" "RUSTUP_HOME=/opt/rustwide/rustup-home" "-w" "/opt/rustwide/workdir" "-m" "1610612736" "--user" "0:0" "--network" "none" "ghcr.io/rust-lang/crates-build-env/linux@sha256:20528e8c29e4536546f0102ce88568b16ea7538393a33fcca951030f7af10457" "/opt/rustwide/cargo-home/bin/cargo" "+ff34b919075f35a1787659e9c448a34b06bab8de" "metadata" "--no-deps" "--format-version=1", kill_on_drop: false }`
[INFO] [stdout] d6ab7df76ad2273a0e326d35b6bab8b3eba2ea90b0cee5cc36fabf615e494407
[INFO] [stderr] WARNING: Your kernel does not support swap limit capabilities or the cgroup is not mounted. Memory limited without swap.
[INFO] running `Command { std: "docker" "start" "-a" "d6ab7df76ad2273a0e326d35b6bab8b3eba2ea90b0cee5cc36fabf615e494407", kill_on_drop: false }`
[INFO] running `Command { std: "docker" "inspect" "d6ab7df76ad2273a0e326d35b6bab8b3eba2ea90b0cee5cc36fabf615e494407", kill_on_drop: false }`
[INFO] running `Command { std: "docker" "rm" "-f" "d6ab7df76ad2273a0e326d35b6bab8b3eba2ea90b0cee5cc36fabf615e494407", kill_on_drop: false }`
[INFO] [stdout] d6ab7df76ad2273a0e326d35b6bab8b3eba2ea90b0cee5cc36fabf615e494407
[INFO] running `Command { std: "docker" "create" "-v" "/var/lib/crater-agent-workspace/builds/worker-5/target:/opt/rustwide/target:rw,Z" "-v" "/var/lib/crater-agent-workspace/builds/worker-5/source:/opt/rustwide/workdir:ro,Z" "-v" "/var/lib/crater-agent-workspace/cargo-home:/opt/rustwide/cargo-home:ro,Z" "-v" "/var/lib/crater-agent-workspace/rustup-home:/opt/rustwide/rustup-home:ro,Z" "-e" "SOURCE_DIR=/opt/rustwide/workdir" "-e" "CARGO_TARGET_DIR=/opt/rustwide/target" "-e" "CARGO_INCREMENTAL=0" "-e" "RUST_BACKTRACE=full" "-e" "RUSTFLAGS=--cap-lints=forbid" "-e" "CARGO_HOME=/opt/rustwide/cargo-home" "-e" "RUSTUP_HOME=/opt/rustwide/rustup-home" "-w" "/opt/rustwide/workdir" "-m" "1610612736" "--user" "0:0" "--network" "none" "ghcr.io/rust-lang/crates-build-env/linux@sha256:20528e8c29e4536546f0102ce88568b16ea7538393a33fcca951030f7af10457" "/opt/rustwide/cargo-home/bin/cargo" "+ff34b919075f35a1787659e9c448a34b06bab8de" "build" "--frozen" "--message-format=json", kill_on_drop: false }`
[INFO] [stdout] f035077e44c2cd211a447d9cced01a89feb9730afd196f9095fff8bed48abb6b
[INFO] [stderr] WARNING: Your kernel does not support swap limit capabilities or the cgroup is not mounted. Memory limited without swap.
[INFO] running `Command { std: "docker" "start" "-a" "f035077e44c2cd211a447d9cced01a89feb9730afd196f9095fff8bed48abb6b", kill_on_drop: false }`
[INFO] [stderr]    Compiling libc v0.2.43
[INFO] [stderr]    Compiling cfg-if v0.1.5
[INFO] [stderr]    Compiling cc v1.0.25
[INFO] [stderr]    Compiling rand_core v0.2.1
[INFO] [stderr]    Compiling futures v0.1.24
[INFO] [stderr]    Compiling byteorder v1.2.6
[INFO] [stderr]    Compiling semver-parser v0.7.0
[INFO] [stderr]    Compiling crossbeam-utils v0.5.0
[INFO] [stderr]    Compiling slab v0.4.1
[INFO] [stderr]    Compiling winapi-build v0.1.1
[INFO] [stderr]    Compiling encoding_index_tests v0.1.4
[INFO] [stderr]    Compiling proc-macro2 v0.4.19
[INFO] [stderr]    Compiling lazycell v1.2.0
[INFO] [stderr]    Compiling nodrop v0.1.12
[INFO] [stderr]    Compiling memoffset v0.2.1
[INFO] [stderr]    Compiling rustc-demangle v0.1.9
[INFO] [stderr]    Compiling unicode-normalization v0.1.7
[INFO] [stderr]    Compiling siphasher v0.2.3
[INFO] [stderr]    Compiling winapi v0.2.8
[INFO] [stderr]    Compiling percent-encoding v1.0.1
[INFO] [stderr]    Compiling backtrace v0.2.3
[INFO] [stderr]    Compiling quick-error v1.2.2
[INFO] [stderr]    Compiling itoa v0.4.3
[INFO] [stderr]    Compiling serde v1.0.79
[INFO] [stderr]    Compiling failure_derive v0.1.2
[INFO] [stderr]    Compiling ryu v0.2.6
[INFO] [stderr]    Compiling regex v1.0.5
[INFO] [stderr]    Compiling fnv v1.0.6
[INFO] [stderr]    Compiling ucd-util v0.1.1
[INFO] [stderr]    Compiling linked-hash-map v0.4.2
[INFO] [stderr]    Compiling untrusted v0.6.2
[INFO] [stderr]    Compiling utf8-ranges v1.0.1
[INFO] [stderr]    Compiling httparse v1.3.3
[INFO] [stderr]    Compiling safemem v0.3.0
[INFO] [stderr]    Compiling bitflags v1.0.4
[INFO] [stderr]    Compiling string v0.1.1
[INFO] [stderr]    Compiling indexmap v1.0.1
[INFO] [stderr]    Compiling dtoa v0.4.3
[INFO] [stderr]    Compiling tic_tac_toe v0.1.0 (/opt/rustwide/workdir/tic-tac-toe)
[INFO] [stderr]    Compiling termcolor v1.0.4
[INFO] [stderr]    Compiling htmlescape v0.3.1
[INFO] [stderr]    Compiling lazy_static v1.1.0
[INFO] [stderr]    Compiling owning_ref v0.3.3
[INFO] [stderr]    Compiling unicase v1.4.2
[INFO] [stderr]    Compiling memchr v2.1.0
[INFO] [stderr]    Compiling unicase v2.1.0
[INFO] [stderr]    Compiling actix-web v0.7.8
[INFO] [stderr]    Compiling log v0.4.5
[INFO] [stderr]    Compiling encoding-index-korean v1.20141219.5
[INFO] [stderr]    Compiling encoding-index-tradchinese v1.20141219.5
[INFO] [stderr]    Compiling encoding-index-simpchinese v1.20141219.5
[INFO] [stderr]    Compiling encoding-index-japanese v1.20141219.5
[INFO] [stderr]    Compiling encoding-index-singlebyte v1.20141219.5
[INFO] [stderr]    Compiling arrayvec v0.4.7
[INFO] [stderr]    Compiling humantime v1.2.0
[INFO] [stderr]    Compiling regex-syntax v0.6.2
[INFO] [stderr]    Compiling smallvec v0.6.5
[INFO] [stderr]    Compiling base64 v0.9.3
[INFO] [stderr]    Compiling lru-cache v0.1.1
[INFO] [stderr]    Compiling semver v0.9.0
[INFO] [stderr]    Compiling lock_api v0.1.4
[INFO] [stderr]    Compiling dbghelp-sys v0.2.0
[INFO] [stderr]    Compiling kernel32-sys v0.2.2
[INFO] [stderr]    Compiling rand v0.5.5
[INFO] [stderr]    Compiling iovec v0.1.2
[INFO] [stderr]    Compiling num_cpus v1.8.0
[INFO] [stderr]    Compiling net2 v0.2.33
[INFO] [stderr]    Compiling rand v0.4.3
[INFO] [stderr]    Compiling socket2 v0.3.8
[INFO] [stderr]    Compiling hostname v0.1.5
[INFO] [stderr]    Compiling time v0.1.40
[INFO] [stderr]    Compiling atty v0.2.11
[INFO] [stderr]    Compiling phf_shared v0.7.23
[INFO] [stderr]    Compiling resolv-conf v0.6.1
[INFO] [stderr]    Compiling thread_local v0.3.6
[INFO] [stderr]    Compiling rustc_version v0.2.3
[INFO] [stderr]    Compiling bytes v0.4.10
[INFO] [stderr]    Compiling crossbeam-epoch v0.5.2
[INFO] [stderr]    Compiling crossbeam-epoch v0.6.0
[INFO] [stderr]    Compiling phf v0.7.23
[INFO] [stderr]    Compiling aho-corasick v0.6.8
[INFO] [stderr]    Compiling http v0.1.13
[INFO] [stderr]    Compiling encoding v0.2.33
[INFO] [stderr]    Compiling mime v0.3.9
[INFO] [stderr]    Compiling mio v0.6.16
[INFO] [stderr]    Compiling backtrace-sys v0.1.24
[INFO] [stderr]    Compiling miniz-sys v0.1.10
[INFO] [stderr]    Compiling brotli-sys v0.3.2
[INFO] [stderr]    Compiling ring v0.13.2
[INFO] [stderr]    Compiling parking_lot_core v0.3.1
[INFO] [stderr]    Compiling crossbeam-deque v0.6.1
[INFO] [stderr]    Compiling quote v0.6.8
[INFO] [stderr]    Compiling syn v0.14.9
[INFO] [stderr]    Compiling syn v0.15.9
[INFO] [stderr]    Compiling tokio-executor v0.1.5
[INFO] [stderr]    Compiling tokio-io v0.1.9
[INFO] [stderr]    Compiling futures-cpupool v0.1.8
[INFO] [stderr]    Compiling uuid v0.6.5
[INFO] [stderr]    Compiling idna v0.1.5
[INFO] [stderr]    Compiling tokio-timer v0.2.7
[INFO] [stderr]    Compiling tokio-current-thread v0.1.3
[INFO] [stderr]    Compiling mio-uds v0.6.7
[INFO] [stderr]    Compiling tokio-threadpool v0.1.7
[INFO] [stderr]    Compiling phf_generator v0.7.23
[INFO] [stderr]    Compiling flate2 v1.0.2
[INFO] [stderr]    Compiling phf_codegen v0.7.23
[INFO] [stderr]    Compiling parking_lot v0.6.4
[INFO] [stderr]    Compiling tokio-codec v0.1.1
[INFO] [stderr]    Compiling mime_guess v2.0.0-alpha.6
[INFO] [stderr]    Compiling backtrace v0.3.9
[INFO] [stderr]    Compiling tokio-reactor v0.1.6
[INFO] [stderr]    Compiling crossbeam-channel v0.2.6
[INFO] [stderr]    Compiling error-chain v0.1.12
[INFO] [stderr]    Compiling tokio-fs v0.1.3
[INFO] [stderr]    Compiling url v1.7.1
[INFO] [stderr]    Compiling tokio-tcp v0.1.2
[INFO] [stderr]    Compiling tokio-udp v0.1.2
[INFO] [stderr]    Compiling tokio-uds v0.2.2
[INFO] [stderr]    Compiling tokio-signal v0.2.5
[INFO] [stderr]    Compiling tokio v0.1.11
[INFO] [stderr]    Compiling h2 v0.1.12
[INFO] [stderr]    Compiling trust-dns-proto v0.4.0
[INFO] [stderr]    Compiling serde_derive v1.0.79
[INFO] [stderr]    Compiling cookie v0.11.0
[INFO] [stderr]    Compiling serde_json v1.0.31
[INFO] [stderr]    Compiling serde_urlencoded v0.5.3
[INFO] [stderr]    Compiling trust-dns-resolver v0.9.1
[INFO] [stderr]    Compiling env_logger v0.5.13
[INFO] [stderr]    Compiling brotli2 v0.3.2
[INFO] [stderr]    Compiling synstructure v0.9.0
[INFO] [stderr]    Compiling actix_derive v0.3.0
[INFO] [stderr]    Compiling failure v0.1.2
[INFO] [stderr]    Compiling actix v0.7.4
[INFO] [stderr]    Compiling web_client v0.1.0 (/opt/rustwide/workdir/web_client)
[INFO] [stdout] warning: unused import: `min`
[INFO] [stdout]   --> web_client/./backend/game_lobby.rs:10:11
[INFO] [stdout]    |
[INFO] [stdout] 10 |     cmp::{min, max},
[INFO] [stdout]    |           ^^^
[INFO] [stdout]    |
[INFO] [stdout]    = note: `#[warn(unused_imports)]` on by default
[INFO] [stdout] 
[INFO] [stdout] 
[INFO] [stdout] warning: unused import: `collections::HashMap`
[INFO] [stdout]   --> web_client/./backend/main.rs:35:11
[INFO] [stdout]    |
[INFO] [stdout] 35 | use std::{collections::HashMap, sync::Arc};
[INFO] [stdout]    |           ^^^^^^^^^^^^^^^^^^^^
[INFO] [stdout] 
[INFO] [stdout] 
[INFO] [stdout] warning: trait objects without an explicit `dyn` are deprecated
[INFO] [stdout]   --> web_client/./backend/main.rs:51:57
[INFO] [stdout]    |
[INFO] [stdout] 51 | fn create_lobby(request: &HttpRequest<AppState>) -> Box<Future<Item = HttpResponse, Error = Error>> {
[INFO] [stdout]    |                                                         ^^^^^^^^^^^^^^^^^^^^^^^^^^^^^^^^^^^^^^^^^^ help: use `dyn`: `dyn Future<Item = HttpResponse, Error = Error>`
[INFO] [stdout]    |
[INFO] [stdout]    = note: `#[warn(bare_trait_objects)]` on by default
[INFO] [stdout]    = warning: this was previously accepted by the compiler but is being phased out; it will become a hard error in the 2021 edition!
[INFO] [stdout]    = note: for more information, see issue #80165 <https://github.com/rust-lang/rust/issues/80165>
[INFO] [stdout] 
[INFO] [stdout] 
[INFO] [stdout] warning: unused import: `Stream`
[INFO] [stdout]   --> web_client/./backend/main.rs:32:23
[INFO] [stdout]    |
[INFO] [stdout] 32 | use futures::{Future, Stream};
[INFO] [stdout]    |                       ^^^^^^
[INFO] [stdout] 
[INFO] [stdout] 
[INFO] [stdout] warning: 4 warnings emitted
[INFO] [stdout] 
[INFO] [stdout] 
[INFO] [stderr]     Finished dev [unoptimized + debuginfo] target(s) in 1m 22s
[INFO] running `Command { std: "docker" "inspect" "f035077e44c2cd211a447d9cced01a89feb9730afd196f9095fff8bed48abb6b", kill_on_drop: false }`
[INFO] running `Command { std: "docker" "rm" "-f" "f035077e44c2cd211a447d9cced01a89feb9730afd196f9095fff8bed48abb6b", kill_on_drop: false }`
[INFO] [stdout] f035077e44c2cd211a447d9cced01a89feb9730afd196f9095fff8bed48abb6b
[INFO] running `Command { std: "docker" "create" "-v" "/var/lib/crater-agent-workspace/builds/worker-5/target:/opt/rustwide/target:rw,Z" "-v" "/var/lib/crater-agent-workspace/builds/worker-5/source:/opt/rustwide/workdir:ro,Z" "-v" "/var/lib/crater-agent-workspace/cargo-home:/opt/rustwide/cargo-home:ro,Z" "-v" "/var/lib/crater-agent-workspace/rustup-home:/opt/rustwide/rustup-home:ro,Z" "-e" "SOURCE_DIR=/opt/rustwide/workdir" "-e" "CARGO_TARGET_DIR=/opt/rustwide/target" "-e" "CARGO_INCREMENTAL=0" "-e" "RUST_BACKTRACE=full" "-e" "RUSTFLAGS=--cap-lints=forbid" "-e" "CARGO_HOME=/opt/rustwide/cargo-home" "-e" "RUSTUP_HOME=/opt/rustwide/rustup-home" "-w" "/opt/rustwide/workdir" "-m" "1610612736" "--user" "0:0" "--network" "none" "ghcr.io/rust-lang/crates-build-env/linux@sha256:20528e8c29e4536546f0102ce88568b16ea7538393a33fcca951030f7af10457" "/opt/rustwide/cargo-home/bin/cargo" "+ff34b919075f35a1787659e9c448a34b06bab8de" "test" "--frozen" "--no-run" "--message-format=json", kill_on_drop: false }`
[INFO] [stdout] 915aad20bca4917a92aefef1732d2ca945e36b3826346b310ae6f267e091172c
[INFO] [stderr] WARNING: Your kernel does not support swap limit capabilities or the cgroup is not mounted. Memory limited without swap.
[INFO] running `Command { std: "docker" "start" "-a" "915aad20bca4917a92aefef1732d2ca945e36b3826346b310ae6f267e091172c", kill_on_drop: false }`
[INFO] [stderr]    Compiling tic_tac_toe v0.1.0 (/opt/rustwide/workdir/tic-tac-toe)
[INFO] [stderr]    Compiling web_client v0.1.0 (/opt/rustwide/workdir/web_client)
[INFO] [stdout] warning: unused import: `min`
[INFO] [stdout]   --> web_client/./backend/game_lobby.rs:10:11
[INFO] [stdout]    |
[INFO] [stdout] 10 |     cmp::{min, max},
[INFO] [stdout]    |           ^^^
[INFO] [stdout]    |
[INFO] [stdout]    = note: `#[warn(unused_imports)]` on by default
[INFO] [stdout] 
[INFO] [stdout] 
[INFO] [stdout] warning: unused import: `collections::HashMap`
[INFO] [stdout]   --> web_client/./backend/main.rs:35:11
[INFO] [stdout]    |
[INFO] [stdout] 35 | use std::{collections::HashMap, sync::Arc};
[INFO] [stdout]    |           ^^^^^^^^^^^^^^^^^^^^
[INFO] [stdout] 
[INFO] [stdout] 
[INFO] [stdout] warning: trait objects without an explicit `dyn` are deprecated
[INFO] [stdout]   --> web_client/./backend/main.rs:51:57
[INFO] [stdout]    |
[INFO] [stdout] 51 | fn create_lobby(request: &HttpRequest<AppState>) -> Box<Future<Item = HttpResponse, Error = Error>> {
[INFO] [stdout]    |                                                         ^^^^^^^^^^^^^^^^^^^^^^^^^^^^^^^^^^^^^^^^^^ help: use `dyn`: `dyn Future<Item = HttpResponse, Error = Error>`
[INFO] [stdout]    |
[INFO] [stdout]    = note: `#[warn(bare_trait_objects)]` on by default
[INFO] [stdout]    = warning: this was previously accepted by the compiler but is being phased out; it will become a hard error in the 2021 edition!
[INFO] [stdout]    = note: for more information, see issue #80165 <https://github.com/rust-lang/rust/issues/80165>
[INFO] [stdout] 
[INFO] [stdout] 
[INFO] [stdout] error[E0369]: binary operation `==` cannot be applied to type `Option<game_logic::game_elements::Winner>`
[INFO] [stdout]    --> tic-tac-toe/src/game_logic/game_board.rs:193:9
[INFO] [stdout]     |
[INFO] [stdout] 193 |         assert_eq!(g.get_winner(0, 0), Some(GameElem::X));
[INFO] [stdout]     |         ^^^^^^^^^^^^^^^^^^^^^^^^^^^^^^^^^^^^^^^^^^^^^^^^^^
[INFO] [stdout]     |         |
[INFO] [stdout]     |         Option<game_logic::game_elements::Winner>
[INFO] [stdout]     |         Option<game_logic::game_elements::GameElem>
[INFO] [stdout]     |
[INFO] [stdout]     = note: this error originates in a macro (in Nightly builds, run with -Z macro-backtrace for more info)
[INFO] [stdout] 
[INFO] [stdout] 
[INFO] [stdout] error[E0277]: `game_logic::game_elements::Winner` doesn't implement `Debug`
[INFO] [stdout]    --> tic-tac-toe/src/game_logic/game_board.rs:193:9
[INFO] [stdout]     |
[INFO] [stdout] 193 |         assert_eq!(g.get_winner(0, 0), Some(GameElem::X));
[INFO] [stdout]     |         ^^^^^^^^^^^^^^^^^^^^^^^^^^^^^^^^^^^^^^^^^^^^^^^^^^ `game_logic::game_elements::Winner` cannot be formatted using `{:?}`
[INFO] [stdout]     |
[INFO] [stdout]     = help: the trait `Debug` is not implemented for `game_logic::game_elements::Winner`
[INFO] [stdout]     = note: add `#[derive(Debug)]` or manually implement `Debug`
[INFO] [stdout]     = note: required because of the requirements on the impl of `Debug` for `Option<game_logic::game_elements::Winner>`
[INFO] [stdout]     = note: this error originates in a macro (in Nightly builds, run with -Z macro-backtrace for more info)
[INFO] [stdout] 
[INFO] [stdout] 
[INFO] [stdout] error[E0369]: binary operation `==` cannot be applied to type `Option<game_logic::game_elements::Winner>`
[INFO] [stdout]    --> tic-tac-toe/src/game_logic/game_board.rs:194:9
[INFO] [stdout]     |
[INFO] [stdout] 194 |         assert_eq!(g.get_winner(0, 2), None);
[INFO] [stdout]     |         ^^^^^^^^^^^^^^^^^^^^^^^^^^^^^^^^^^^^^
[INFO] [stdout]     |         |
[INFO] [stdout]     |         Option<game_logic::game_elements::Winner>
[INFO] [stdout]     |         Option<_>
[INFO] [stdout]     |
[INFO] [stdout]     = note: this error originates in a macro (in Nightly builds, run with -Z macro-backtrace for more info)
[INFO] [stdout] 
[INFO] [stdout] 
[INFO] [stdout] error[E0277]: `game_logic::game_elements::Winner` doesn't implement `Debug`
[INFO] [stdout]    --> tic-tac-toe/src/game_logic/game_board.rs:194:9
[INFO] [stdout]     |
[INFO] [stdout] 194 |         assert_eq!(g.get_winner(0, 2), None);
[INFO] [stdout]     |         ^^^^^^^^^^^^^^^^^^^^^^^^^^^^^^^^^^^^^ `game_logic::game_elements::Winner` cannot be formatted using `{:?}`
[INFO] [stdout]     |
[INFO] [stdout]     = help: the trait `Debug` is not implemented for `game_logic::game_elements::Winner`
[INFO] [stdout]     = note: add `#[derive(Debug)]` or manually implement `Debug`
[INFO] [stdout]     = note: required because of the requirements on the impl of `Debug` for `Option<game_logic::game_elements::Winner>`
[INFO] [stdout]     = note: this error originates in a macro (in Nightly builds, run with -Z macro-backtrace for more info)
[INFO] [stdout] 
[INFO] [stdout] 
[INFO] [stdout] error: aborting due to 4 previous errors
[INFO] [stdout] 
[INFO] [stdout] 
[INFO] [stdout] Some errors have detailed explanations: E0277, E0369.
[INFO] [stdout] 
[INFO] [stdout] For more information about an error, try `rustc --explain E0277`.
[INFO] [stdout] 
[INFO] [stderr] error: could not compile `tic_tac_toe`
[INFO] [stderr] 
[INFO] [stderr] To learn more, run the command again with --verbose.
[INFO] [stderr] warning: build failed, waiting for other jobs to finish...
[INFO] [stdout] warning: unused import: `Stream`
[INFO] [stdout]   --> web_client/./backend/main.rs:32:23
[INFO] [stdout]    |
[INFO] [stdout] 32 | use futures::{Future, Stream};
[INFO] [stdout]    |                       ^^^^^^
[INFO] [stdout] 
[INFO] [stdout] 
[INFO] [stdout] warning: 4 warnings emitted
[INFO] [stdout] 
[INFO] [stdout] 
[INFO] [stderr] error: build failed
[INFO] running `Command { std: "docker" "inspect" "915aad20bca4917a92aefef1732d2ca945e36b3826346b310ae6f267e091172c", kill_on_drop: false }`
[INFO] running `Command { std: "docker" "rm" "-f" "915aad20bca4917a92aefef1732d2ca945e36b3826346b310ae6f267e091172c", kill_on_drop: false }`
[INFO] [stdout] 915aad20bca4917a92aefef1732d2ca945e36b3826346b310ae6f267e091172c
